Let j = -1300 + 2619. Is j composite?
False
Suppose n - 13 = z - 6, -3*n = z - 1. Suppose -3*a = -4 + 16. Is (-14)/a - n/4 composite?
False
Is (2/2)/(1/307) a composite number?
False
Let y(v) = -v**2 - 14*v + 10. Let s be y(-11). Let p = -88 + 156. Let b = p - s. Is b a prime number?
False
Suppose 5 = 2*o + 3*o. Suppose -8 = -3*a + o. Is a a composite number?
False
Let y(t) = t**2 - 3*t + 2. Let c be y(3). Suppose 0 + 10 = c*m. Suppose 0 = -g - 2*d + 5, 0 = -m*g - 4*d + 10 + 33. Is g prime?
True
Let d = -1 - -10. Let o(f) = -f**2 + 14*f + 8. Is o(d) a composite number?
False
Is 0/(3 - 4) + 1294 composite?
True
Suppose -5*r = -17 - 8. Let b be -10 + r - (-2 - -1). Is (2 + -9)*b/14 a prime number?
True
Let h = -4 + 10. Suppose -4*r = -h*l + l + 301, -2*r = 3*l - 163. Is l a composite number?
True
Let p(b) = -b**3 - 6*b**2 - 8*b - 1. Is p(-8) a composite number?
False
Suppose 0 = -4*r + 4*q + 328, 2*q + 466 = 5*r + 47. Suppose 0 = 3*h - 0*h + 4*b - 283, -b - r = -h. Is h a prime number?
True
Let l(h) = h**3 + 3*h + 3. Is l(4) a composite number?
False
Suppose -3*s = -2*o + 9641, -5*o - 3*s = s - 24091. Is o prime?
False
Let c = -5 - -4. Let j = 0 + c. Is 83 + 0*j/2 composite?
False
Let i = 160 - 45. Is i a prime number?
False
Let k = -142 + 273. Is k prime?
True
Let o = 179 + 197. Suppose 2*c = -2*c - 4*w + o, 4*c - 4*w = 376. Suppose -6*d + 4*d = -c. Is d a composite number?
False
Let l be 3 - 1*(-1 - -2). Let s be 74*(l - (-5)/(-2)). Let k = -18 - s. Is k a composite number?
False
Suppose -3*j + 62 + 193 = 0. Is j a composite number?
True
Suppose 0 = 3*h - 7*h + 88. Let f be 2/(-11) - 524/h. Let u = 13 - f. Is u composite?
False
Suppose b + 596 = 3*v - 0*b, -v - 5*b = -204. Is v a prime number?
True
Let i(n) = n**3 - 11*n**2 - 11*n - 14. Let o be i(12). Let k(a) = 5*a + 1 - 40*a - 31*a. Is k(o) composite?
True
Let y be (2/(-4))/(7/(-14)). Let p = 2 + y. Suppose -4*b + 85 = -p. Is b composite?
True
Suppose 17*x - 5570 = 12*x. Is x a composite number?
True
Suppose n - 32 = 132. Let y = 267 - n. Is y prime?
True
Let x be 2/1 + (-7 - -5). Suppose -4*n + 21 + 23 = x. Is n*(0 + 1) + 2 a prime number?
True
Let r be (2 + 0 + -1)/(-1). Let x be (r*1)/(6/(-12)). Suppose 0 = x*p - c - 38, -5*p = -2*p - 5*c - 57. Is p a composite number?
False
Suppose -3*m + m + 98 = 0. Is m a composite number?
True
Let m(d) = -157*d - 30. Is m(-7) composite?
False
Suppose 4*r - 3915 = -r. Suppose 4*m - 5*h - 1046 = 0, -3*m - 2*h = -5*h - r. Is m a composite number?
True
Let w(d) = d**3 + 12*d**2 + d + 7. Let x be w(-5). Suppose x = 4*p + 2*u - 677, 0 = 4*p - u - 839. Is p a composite number?
False
Let k = 403 - 164. Is k a composite number?
False
Suppose -13557 = -12*f + 13647. Is f composite?
False
Let k(z) = 0 - 2 - 8*z - 1. Let p = -7 + 2. Is k(p) composite?
False
Is (261/12)/(21/644) a prime number?
False
Let o(c) = -c**3 + 9*c**2 - 2*c + 4. Let n be o(8). Is ((-5)/4)/((-1)/n) composite?
True
Suppose 3*a - 5*a + 5*w + 11 = 0, 0 = w + 1. Suppose 0 = -8*s + a*s + 1315. Is s prime?
True
Suppose -4*t = 2*u - 336, t - 77 = u + 2*u. Let m = -18 + t. Is m a prime number?
False
Let z(k) = 2*k**2 - 27*k + 25. Is z(18) a composite number?
True
Suppose 9 = 4*t - 0*t - b, 2*t = -b + 3. Let a = 4 + t. Suppose -2*n + 22 = -a. Is n prime?
False
Is (-620)/(-5) - (1 - 2/(-1)) composite?
True
Let a = 4 + -3. Let h = 48 + a. Is h a prime number?
False
Suppose 0 = 5*k - 3*y - 379, -3*y - y + 358 = 5*k. Is k prime?
False
Let j(b) = -b**3 + b**2 - 1. Let v be j(-2). Suppose -2*z = -v + 3. Suppose 0 = -u + c + 43, -2*c + 196 = -0*u + z*u. Is u prime?
True
Let t(r) = 10*r**2 + 34*r - 17. Is t(-15) a composite number?
False
Let r(c) = -c**2 + 6*c + 1. Suppose -3*a + 8 = -a. Suppose a*m + m = 20. Is r(m) prime?
False
Let h(m) = 2*m**2 + m + 3. Let v = -15 + 11. Is h(v) prime?
True
Is (-587 - 0)*25/(-5) a composite number?
True
Suppose 1826 = u - 1881. Is u composite?
True
Is (-14)/35 + (-6814)/(-10) + 2 prime?
True
Let t(z) = -78*z**3 - 2*z**2 - z. Let s(n) = -n**3 - 5*n**2 - n - 6. Suppose -4*m + 4*x - 8 = 0, -3*x = 2*m + 3*m + 34. Let a be s(m). Is t(a) prime?
False
Let j(d) = d**2 + 4*d + 22. Is j(15) composite?
False
Let r(j) be the first derivative of -15*j**2/2 - 8*j + 8. Is r(-6) composite?
True
Is (-1)/4 - (-12471)/12 a prime number?
True
Let o(n) = -5*n**2 + 4 + 3*n**3 + 0*n**3 + n + 5*n**3 - 3*n**3. Is o(3) composite?
False
Let c(h) = -h**3 + 13*h**2 + 11*h. Let j(z) = -z**3 + 14*z**2 + 11*z + 1. Let v(b) = 7*c(b) - 6*j(b). Is v(7) prime?
True
Let v(n) = -n**3 + n + 1. Let s be v(-6). Is (s - (-3 - 0)) + -3 composite?
False
Let w be 24/8*(-11)/(-3). Let d = w + -8. Suppose d*r = 15 + 54. Is r composite?
False
Let q = 196 + -136. Let s(p) = 2*p - 3. Let g be s(4). Suppose 0 = -3*w - 3*m + q, g*w - 3*m + 19 = 159. Is w a prime number?
False
Let m be ((-12)/5)/((-6)/(-30)). Let p = -27 + 58. Let j = p + m. Is j composite?
False
Let g = -3 + 5. Suppose 2*t - 6 = -3*o - g, 2*o + 2*t = 2. Suppose -5*h + 3*s = -394, -o*h + 163 + 0 = -3*s. Is h a composite number?
True
Let i = 5 + -3. Suppose 0 = i*d, -b - d = -14 - 65. Is b prime?
True
Let j = 374 - 217. Is j prime?
True
Let o be (-6)/3 - (-14)/2. Suppose -3*r + 34 = -o*f, -3*r - 2*r + 25 = -2*f. Is r composite?
False
Let g = 45 - -18. Is 14/g + (-2257)/(-9) composite?
False
Let f(k) = 9*k**2 - 4*k - 3. Is f(8) a prime number?
True
Is (42746/33)/((-5)/((-30)/4)) prime?
False
Let y = -2598 - 630. Is y/(-28) + 2/(-7) a prime number?
False
Suppose -4*y - 50 = y. Let f(i) = -8*i - 3. Let p(o) = 8*o + 3. Let g(j) = -5*f(j) - 6*p(j). Is g(y) prime?
False
Let y be ((-1)/(-3))/((-3)/(-18)). Suppose 2*n + 258 = 4*n + y*v, 5*n - 669 = v. Suppose -2*o - n = -3*o. Is o prime?
False
Let s be ((-12)/10)/((-15)/(-50)). Let q be 0/4*2/s. Is q/(-1 - -2) - -35 composite?
True
Suppose 4*t = -r + 8, 4*r + 12 - 4 = 4*t. Let p be ((-3)/t + 2)*0. Suppose 3*v - o + 10 - 47 = p, -29 = -3*v - o. Is v a prime number?
True
Suppose -z = -b + 135, -127 = -b + z + 2*z. Is b a composite number?
False
Suppose -2*d + 1485 = 5*l, 0 = -d + 4*l - 100 + 849. Suppose -c + 248 - d = -2*o, 0 = -5*o + 5*c + 1250. Is o prime?
False
Let w = 922 - 425. Is w composite?
True
Suppose 0 = 3*w + 3*j + 6, -5*w + 22 = -j - 2*j. Let o = w - -1. Is o a composite number?
False
Let r(k) = 69*k + 3. Let j(f) = 70*f + 4. Let o(w) = 4*j(w) - 5*r(w). Is o(-2) prime?
True
Suppose -7*w - 16 = -3*w. Is 171/15 + w/10 composite?
False
Let y = 20297 + -13390. Is y prime?
True
Suppose -b = -3*f + 14 + 4, 0 = 5*f - b - 30. Let z = 5 - 3. Suppose -f = z*p - 76. Is p prime?
False
Let f be 3/(-5) - 6/15. Let j(n) = -470*n**3 - n**2 - n - 1. Is j(f) prime?
False
Let q be (4/16)/((-3)/(-60)). Suppose q*u = 4*u + 221. Is u a prime number?
False
Let z(w) = -w. Let y(t) = 22*t - 4. Let g(o) = y(o) + z(o). Let x(s) = 43*s - 9. Let b(n) = 13*g(n) - 6*x(n). Is b(4) a composite number?
True
Let p be -1 + 2 + 4 + 0. Let t be (8/(-10))/((-3)/90). Suppose -p*v + v = -t. Is v prime?
False
Let a(b) = b**2 + 3. Let n be a(0). Let l be (-22)/(-1) + n + -4. Is l/(-3)*(-1 + 0) prime?
True
Let x(k) = -k**2 - 5*k. Let t be (5/1)/(2 - 3). Let o be x(t). Suppose 0 = -2*l - 5*u - 14, o*u = -5*l + 5*u + 35. Is l a composite number?
False
Suppose -8 = -u + 23. Is u a prime number?
True
Let h = -11 + 6. Is -1*(-4 - h)*-377 a prime number?
False
Suppose 7*v - 6*v - 5*n - 254 = 0, -5*v + 3*n = -1292. Is v a prime number?
False
Is (-5)/(1*(3/(-9))/1) a prime number?
False
Suppose -w = q - 432, -3*q - 2*q = -5*w + 2210. Is w composite?
True
Let o(y) = 4*y**2 + 4*y - 7. Let g be o(-9). Let m = 534 - g. Is m a prime number?
False
Let j(r) = r**2 + 6*r + 4. Let m be j(-5). Let y = m + 4. Suppose y*i + 3*n - 354 = 0, 3*i + 5*n = 156 + 196. Is i a composite number?
True
Suppose 5*j + 0 = 15. Let i = 3 + j. Is i a prime number?
False
Is 338/18 + (-4)/(-18) prime?
True
Let x(o) = -o**3 + 9*o**2 - 7*o - 5. Let q be x(8). Suppose -q*s + s = -340. Suppose m - s = -m. Is m a composite number?
True
Suppose 3*i - 290 = l - 23, -l = -3. Let u be (6/9)/(2/i). Suppose -u = -5*k - 0*k. Is k a composite number?
True
Let v = 313 + -179. Is v prime?
False
Suppose -3*h = 6*l - 2*l - 2683, 5*l + 4425 = 5*h. Is h prime?
False
Suppose -3*m + f + 14 = 2*f, -5